{"id":10,"date":"2019-08-30T14:59:41","date_gmt":"2019-08-30T12:59:41","guid":{"rendered":"http:\/\/allergologie42.fr\/?page_id=10"},"modified":"2020-11-02T12:15:02","modified_gmt":"2020-11-02T11:15:02","slug":"contact","status":"publish","type":"page","link":"https:\/\/allergologie42.fr\/?page_id=10","title":{"rendered":"Contact"},"content":{"rendered":"<p>Bienvenue sur le site du cabinet d\u2019allergologie st\u00e9phanois des Docteurs C\u00e9cile Hiss et Gr\u00e9gory Perrier.<\/p>\n<p>Vous pouvez contacter le cabinet d&rsquo;allergologie st\u00e9phanois :<\/p>\n<ul>\n<li>par t\u00e9l\u00e9phone pour le Dr Hiss : <a href=\"tel:+330477952320\">04 77 95 23 20<\/a><\/li>\n<li>par t\u00e9l\u00e9phone pour le Dr Perrier :\u00a0<a href=\"tel:+33477256934\">04 77 25 69 34<\/a><\/li>\n<\/ul>\n<p>\u00a0<\/p>\n\n\n<p><\/p>\n","protected":false},"excerpt":{"rendered":"<p>Bienvenue sur le site du cabinet d\u2019allergologie st\u00e9phanois des Docteurs C\u00e9cile Hiss et Gr\u00e9gory Perrier. Vous pouvez contacter le cabinet d&rsquo;allergologie st\u00e9phanois : par t\u00e9l\u00e9phone pour le Dr Hiss : 04 77 95 23 20 par t\u00e9l\u00e9phone pour le Dr Perrier :\u00a004 77 25 69 34 \u00a0<\/p>\n","protected":false},"author":1,"featured_media":0,"parent":0,"menu_order":0,"comment_status":"closed","ping_status":"closed","template":"","meta":{"footnotes":""},"class_list":["post-10","page","type-page","status-publish","hentry"],"_links":{"self":[{"href":"https:\/\/allergologie42.fr\/index.php?rest_route=\/wp\/v2\/pages\/10","targetHints":{"allow":["GET"]}}],"collection":[{"href":"https:\/\/allergologie42.fr\/index.php?rest_route=\/wp\/v2\/pages"}],"about":[{"href":"https:\/\/allergologie42.fr\/index.php?rest_route=\/wp\/v2\/types\/page"}],"author":[{"embeddable":true,"href":"https:\/\/allergologie42.fr\/index.php?rest_route=\/wp\/v2\/users\/1"}],"replies":[{"embeddable":true,"href":"https:\/\/allergologie42.fr\/index.php?rest_route=%2Fwp%2Fv2%2Fcomments&post=10"}],"version-history":[{"count":10,"href":"https:\/\/allergologie42.fr\/index.php?rest_route=\/wp\/v2\/pages\/10\/revisions"}],"predecessor-version":[{"id":80,"href":"https:\/\/allergologie42.fr\/index.php?rest_route=\/wp\/v2\/pages\/10\/revisions\/80"}],"wp:attachment":[{"href":"https:\/\/allergologie42.fr\/index.php?rest_route=%2Fwp%2Fv2%2Fmedia&parent=10"}],"curies":[{"name":"wp","href":"https:\/\/api.w.org\/{rel}","templated":true}]}}

<p>Bienvenue sur le site du cabinet d’allergologie stéphanois des Docteurs Cécile Hiss et Grégory Perrier.</p>
<p>Vous pouvez contacter le cabinet d&rsquo;allergologie stéphanois :</p>
<ul>
<li>par téléphone pour le Dr Hiss : <a href="tel:+330477952320">04 77 95 23 20</a></li>
<li>par téléphone pour le Dr Perrier : <a href="tel:+33477256934">04 77 25 69 34</a></li>
</ul>
<p> </p>


<p></p>

<p>Bienvenue sur le site du cabinet d’allergologie stéphanois des Docteurs Cécile Hiss et Grégory Perrier. Vous pouvez contacter le cabinet d&rsquo;allergologie stéphanois : par téléphone pour le Dr Hiss : 04 77 95 23 20 par téléphone pour le Dr Perrier : 04 77 25 69 34  </p>
